{"id":1693,"date":"2022-08-05T22:32:47","date_gmt":"2022-08-05T22:32:47","guid":{"rendered":"https:\/\/acompanheseuprojeto.com.br\/emporiodosperfumes\/?page_id=1693"},"modified":"2022-08-05T22:43:44","modified_gmt":"2022-08-05T22:43:44","slug":"duvidas-frequentes","status":"publish","type":"page","link":"https:\/\/acompanheseuprojeto.com.br\/emporiodosperfumes\/duvidas-frequentes\/","title":{"rendered":"D\u00favidas frequentes"},"content":{"rendered":"<style>#kt-layout-id_83741f-33 > .kt-row-column-wrap{align-content:start;}:where(#kt-layout-id_83741f-33 > .kt-row-column-wrap) > .wp-block-kadence-column{justify-content:start;}#kt-layout-id_83741f-33 > .kt-row-column-wrap{column-gap:var(--global-kb-gap-md, 2rem);row-gap:var(--global-kb-gap-md, 2rem);max-width:var( --global-content-width, 1200px );padding-left:var(--global-content-edge-padding);padding-right:var(--global-content-edge-padding);padding-top:25px;padding-bottom:25px;padding-top:40px;padding-bottom:137px;grid-template-columns:minmax(0, 1fr);}#kt-layout-id_83741f-33 > .kt-row-layout-overlay{opacity:0.30;background-color:rgba(81, 81, 81, 0);}@media all and (max-width: 1024px){#kt-layout-id_83741f-33 > .kt-row-column-wrap{grid-template-columns:minmax(0, 1fr);}}@media all and (max-width: 767px){#kt-layout-id_83741f-33 > .kt-row-column-wrap{grid-template-columns:minmax(0, 1fr);}}<\/style>\n<div class=\"wp-block-kadence-rowlayout alignnone\"><div id=\"kt-layout-id_83741f-33\" class=\"kt-row-layout-inner kt-row-has-bg kt-layout-id_83741f-33\"><div class=\"kt-row-layout-overlay kt-row-overlay-normal\"><\/div><div class=\"kt-row-column-wrap kt-has-1-columns kt-gutter-default kt-v-gutter-default kt-row-valign-top kt-row-layout-equal kt-tab-layout-inherit kt-m-colapse-left-to-right kt-mobile-layout-row kb-theme-content-width\"><style>.kadence-column_dbcf5a-98 > .kt-inside-inner-col{border-top-width:0px;border-right-width:0px;border-bottom-width:0px;border-left-width:0px;}.kadence-column_dbcf5a-98 > .kt-inside-inner-col,.kadence-column_dbcf5a-98 > .kt-inside-inner-col:before{border-top-left-radius:0px;border-top-right-radius:0px;border-bottom-right-radius:0px;border-bottom-left-radius:0px;}.kadence-column_dbcf5a-98 > .kt-inside-inner-col:before{opacity:0.3;}.kadence-column_dbcf5a-98{position:relative;}<\/style>\n<div class=\"wp-block-kadence-column inner-column-1 kadence-column_dbcf5a-98\"><div class=\"kt-inside-inner-col\"><style>.wp-block-kadence-advancedheading.kt-adv-heading_d5c0cc-0b, .wp-block-kadence-advancedheading.kt-adv-heading_d5c0cc-0b[data-kb-block=\"kb-adv-heading_d5c0cc-0b\"]{margin-top:10px;font-size:50px;font-weight:400;font-style:normal;font-family:Montserrat;color:#e4c6bb;}.wp-block-kadence-advancedheading.kt-adv-heading_d5c0cc-0b mark, .wp-block-kadence-advancedheading.kt-adv-heading_d5c0cc-0b[data-kb-block=\"kb-adv-heading_d5c0cc-0b\"] mark{font-weight:normal;font-style:normal;color:#f76a0c;padding-top:0px;padding-right:0px;padding-bottom:0px;padding-left:0px;}@media all and (max-width: 1024px){.wp-block-kadence-advancedheading.kt-adv-heading_d5c0cc-0b, .wp-block-kadence-advancedheading.kt-adv-heading_d5c0cc-0b[data-kb-block=\"kb-adv-heading_d5c0cc-0b\"]{font-size:40px;}}@media all and (max-width: 767px){.wp-block-kadence-advancedheading.kt-adv-heading_d5c0cc-0b, .wp-block-kadence-advancedheading.kt-adv-heading_d5c0cc-0b[data-kb-block=\"kb-adv-heading_d5c0cc-0b\"]{font-size:30px;}}<\/style>\n<h2 class=\"kt-adv-heading_d5c0cc-0b wp-block-kadence-advancedheading\" data-kb-block=\"kb-adv-heading_d5c0cc-0b\">D\u00favidas frequentes<\/h2>\n\n\n\n<p><br><\/p>\n\n\n<style>.wp-block-kadence-advancedheading.kt-adv-heading_d96d7e-48, .wp-block-kadence-advancedheading.kt-adv-heading_d96d7e-48[data-kb-block=\"kb-adv-heading_d96d7e-48\"]{font-size:20px;font-style:normal;font-family:Arial, Helvetica, sans-serif;color:#a36b67;}.wp-block-kadence-advancedheading.kt-adv-heading_d96d7e-48 mark, .wp-block-kadence-advancedheading.kt-adv-heading_d96d7e-48[data-kb-block=\"kb-adv-heading_d96d7e-48\"] mark{font-style:normal;color:#f76a0c;padding-top:0px;padding-right:0px;padding-bottom:0px;padding-left:0px;}<\/style>\n<h2 class=\"kt-adv-heading_d96d7e-48 wp-block-kadence-advancedheading\" data-kb-block=\"kb-adv-heading_d96d7e-48\">QUAL A PROCED\u00caNCIA DOS PRODUTOS?<\/h2>\n\n\n<style>.wp-block-kadence-advancedheading.kt-adv-heading_d62c0d-6b, .wp-block-kadence-advancedheading.kt-adv-heading_d62c0d-6b[data-kb-block=\"kb-adv-heading_d62c0d-6b\"]{font-size:17px;font-style:normal;font-family:Arial, Helvetica, sans-serif;color:#848383;}.wp-block-kadence-advancedheading.kt-adv-heading_d62c0d-6b mark, .wp-block-kadence-advancedheading.kt-adv-heading_d62c0d-6b[data-kb-block=\"kb-adv-heading_d62c0d-6b\"] mark{font-style:normal;color:#f76a0c;padding-top:0px;padding-right:0px;padding-bottom:0px;padding-left:0px;}<\/style>\n<h2 class=\"kt-adv-heading_d62c0d-6b wp-block-kadence-advancedheading\" data-kb-block=\"kb-adv-heading_d62c0d-6b\">A Emp\u00f3rio dos Perfumes oferece uma variedade de perfumes das melhores e mais desejadas marcas do mundo. Todos os produtos comercializados em nosso site, ou loja on-line s\u00e3o garantidos oficialmente pelas empresas distribuidoras das marcas no Brasil. Al\u00e9m disso, apresentam o selo de garantia do distribuidor, o que garante a sua qualidade e proced\u00eancia.<br><br><\/h2>\n\n\n<style>.wp-block-kadence-advancedheading.kt-adv-heading_b457c4-46, .wp-block-kadence-advancedheading.kt-adv-heading_b457c4-46[data-kb-block=\"kb-adv-heading_b457c4-46\"]{font-size:20px;font-style:normal;font-family:Arial, Helvetica, sans-serif;color:#a36b67;}.wp-block-kadence-advancedheading.kt-adv-heading_b457c4-46 mark, .wp-block-kadence-advancedheading.kt-adv-heading_b457c4-46[data-kb-block=\"kb-adv-heading_b457c4-46\"] mark{font-style:normal;color:#f76a0c;padding-top:0px;padding-right:0px;padding-bottom:0px;padding-left:0px;}<\/style>\n<h2 class=\"kt-adv-heading_b457c4-46 wp-block-kadence-advancedheading\" data-kb-block=\"kb-adv-heading_b457c4-46\">O SITE \u00c9 SEGURO?<\/h2>\n\n\n<style>.wp-block-kadence-advancedheading.kt-adv-heading_2d5b6b-ed, .wp-block-kadence-advancedheading.kt-adv-heading_2d5b6b-ed[data-kb-block=\"kb-adv-heading_2d5b6b-ed\"]{font-size:17px;font-style:normal;font-family:Arial, Helvetica, sans-serif;color:#848383;}.wp-block-kadence-advancedheading.kt-adv-heading_2d5b6b-ed mark, .wp-block-kadence-advancedheading.kt-adv-heading_2d5b6b-ed[data-kb-block=\"kb-adv-heading_2d5b6b-ed\"] mark{font-style:normal;color:#f76a0c;padding-top:0px;padding-right:0px;padding-bottom:0px;padding-left:0px;}<\/style>\n<h2 class=\"kt-adv-heading_2d5b6b-ed wp-block-kadence-advancedheading\" data-kb-block=\"kb-adv-heading_2d5b6b-ed\">Todas as opera\u00e7\u00f5es feitas no site s\u00e3o criptografadas e 100% processadas por computador, sem interven\u00e7\u00e3o humana.<br><br><\/h2>\n\n\n<style>.wp-block-kadence-advancedheading.kt-adv-heading_a39a56-f7, .wp-block-kadence-advancedheading.kt-adv-heading_a39a56-f7[data-kb-block=\"kb-adv-heading_a39a56-f7\"]{font-size:20px;font-style:normal;font-family:Arial, Helvetica, sans-serif;color:#a36b67;}.wp-block-kadence-advancedheading.kt-adv-heading_a39a56-f7 mark, .wp-block-kadence-advancedheading.kt-adv-heading_a39a56-f7[data-kb-block=\"kb-adv-heading_a39a56-f7\"] mark{font-style:normal;color:#f76a0c;padding-top:0px;padding-right:0px;padding-bottom:0px;padding-left:0px;}<\/style>\n<h2 class=\"kt-adv-heading_a39a56-f7 wp-block-kadence-advancedheading\" data-kb-block=\"kb-adv-heading_a39a56-f7\">VALOR DO FRETE E PRAZO DE ENTREGA?<\/h2>\n\n\n<style>.wp-block-kadence-advancedheading.kt-adv-heading_fba3af-60, .wp-block-kadence-advancedheading.kt-adv-heading_fba3af-60[data-kb-block=\"kb-adv-heading_fba3af-60\"]{font-size:17px;font-style:normal;font-family:Arial, Helvetica, sans-serif;color:#848383;}.wp-block-kadence-advancedheading.kt-adv-heading_fba3af-60 mark, .wp-block-kadence-advancedheading.kt-adv-heading_fba3af-60[data-kb-block=\"kb-adv-heading_fba3af-60\"] mark{font-style:normal;color:#f76a0c;padding-top:0px;padding-right:0px;padding-bottom:0px;padding-left:0px;}<\/style>\n<h2 class=\"kt-adv-heading_fba3af-60 wp-block-kadence-advancedheading\" data-kb-block=\"kb-adv-heading_fba3af-60\">O valor do frete varia de acordo com a localidade da entrega. Para saber o valor exato, consulte-o na sua sacola de compras.<\/h2>\n\n\n<style>.wp-block-kadence-advancedheading.kt-adv-heading_20df63-1c, .wp-block-kadence-advancedheading.kt-adv-heading_20df63-1c[data-kb-block=\"kb-adv-heading_20df63-1c\"]{font-size:17px;font-style:normal;font-family:Arial, Helvetica, sans-serif;color:#848383;}.wp-block-kadence-advancedheading.kt-adv-heading_20df63-1c mark, .wp-block-kadence-advancedheading.kt-adv-heading_20df63-1c[data-kb-block=\"kb-adv-heading_20df63-1c\"] mark{font-style:normal;color:#f76a0c;padding-top:0px;padding-right:0px;padding-bottom:0px;padding-left:0px;}<\/style>\n<h2 class=\"kt-adv-heading_20df63-1c wp-block-kadence-advancedheading\" data-kb-block=\"kb-adv-heading_20df63-1c\">Voc\u00ea pode acompanhar os prazos de entrega para sua regi\u00e3o diretamente na sacola de compras. Refor\u00e7amos que este prazo come\u00e7a a partir da confirma\u00e7\u00e3o de pagamento do seu pedido e em dias \u00fateis.<br><br><\/h2>\n\n\n<style>.wp-block-kadence-advancedheading.kt-adv-heading_86dace-d9, .wp-block-kadence-advancedheading.kt-adv-heading_86dace-d9[data-kb-block=\"kb-adv-heading_86dace-d9\"]{font-size:20px;font-style:normal;font-family:Arial, Helvetica, sans-serif;color:#a36b67;}.wp-block-kadence-advancedheading.kt-adv-heading_86dace-d9 mark, .wp-block-kadence-advancedheading.kt-adv-heading_86dace-d9[data-kb-block=\"kb-adv-heading_86dace-d9\"] mark{font-style:normal;color:#f76a0c;padding-top:0px;padding-right:0px;padding-bottom:0px;padding-left:0px;}<\/style>\n<h2 class=\"kt-adv-heading_86dace-d9 wp-block-kadence-advancedheading\" data-kb-block=\"kb-adv-heading_86dace-d9\">QUAIS S\u00c3O AS FORMAS DE PAGAMENTO?<\/h2>\n\n\n<style>.wp-block-kadence-advancedheading.kt-adv-heading_a88705-47, .wp-block-kadence-advancedheading.kt-adv-heading_a88705-47[data-kb-block=\"kb-adv-heading_a88705-47\"]{font-size:17px;font-style:normal;font-family:Arial, Helvetica, sans-serif;color:#848383;}.wp-block-kadence-advancedheading.kt-adv-heading_a88705-47 mark, .wp-block-kadence-advancedheading.kt-adv-heading_a88705-47[data-kb-block=\"kb-adv-heading_a88705-47\"] mark{font-style:normal;color:#f76a0c;padding-top:0px;padding-right:0px;padding-bottom:0px;padding-left:0px;}<\/style>\n<h2 class=\"kt-adv-heading_a88705-47 wp-block-kadence-advancedheading\" data-kb-block=\"kb-adv-heading_a88705-47\">Cart\u00e3o de Cr\u00e9dito: em at\u00e9 10 vezes sem juros, nas bandeiras Visa, Mastercard, Elo entre outros, d\u00e9bito e Pix!<br><br><\/h2>\n\n\n<style>.wp-block-kadence-advancedheading.kt-adv-heading_290c3d-db, .wp-block-kadence-advancedheading.kt-adv-heading_290c3d-db[data-kb-block=\"kb-adv-heading_290c3d-db\"]{font-size:20px;font-style:normal;font-family:Arial, Helvetica, sans-serif;color:#a36b67;}.wp-block-kadence-advancedheading.kt-adv-heading_290c3d-db mark, .wp-block-kadence-advancedheading.kt-adv-heading_290c3d-db[data-kb-block=\"kb-adv-heading_290c3d-db\"] mark{font-style:normal;color:#f76a0c;padding-top:0px;padding-right:0px;padding-bottom:0px;padding-left:0px;}<\/style>\n<h2 class=\"kt-adv-heading_290c3d-db wp-block-kadence-advancedheading\" data-kb-block=\"kb-adv-heading_290c3d-db\">POSSO TROCAR OU DEVOLVER UM PRODUTO?<\/h2>\n\n\n<style>.wp-block-kadence-advancedheading.kt-adv-heading_2b297f-ab, .wp-block-kadence-advancedheading.kt-adv-heading_2b297f-ab[data-kb-block=\"kb-adv-heading_2b297f-ab\"]{font-size:17px;font-style:normal;font-family:Arial, Helvetica, sans-serif;color:#848383;}.wp-block-kadence-advancedheading.kt-adv-heading_2b297f-ab mark, .wp-block-kadence-advancedheading.kt-adv-heading_2b297f-ab[data-kb-block=\"kb-adv-heading_2b297f-ab\"] mark{font-style:normal;color:#f76a0c;padding-top:0px;padding-right:0px;padding-bottom:0px;padding-left:0px;}<\/style>\n<h2 class=\"kt-adv-heading_2b297f-ab wp-block-kadence-advancedheading\" data-kb-block=\"kb-adv-heading_2b297f-ab\">Para solicitar a troca ou devolu\u00e7\u00e3o de seu produto \u00e9 simples e r\u00e1pido! Voc\u00ea tem o prazo de at\u00e9 07 dias, contados a partir do recebimento do produto. Basta efetuar a o contato no nosso telefone (link do telefone) 65 99662-1368 ou atrav\u00e9s do ( link do e-mail )nosso e-mail!<br>A Emp\u00f3rio dos Perfumes analisar\u00e1 a raz\u00e3o de sua solicita\u00e7\u00e3o e prestar\u00e1 as informa\u00e7\u00f5es e esclarecimentos sobre como executar a devolu\u00e7\u00e3o para o nosso Centro de Distribui\u00e7\u00e3o.<br>No momento da solicita\u00e7\u00e3o \u00e9 necess\u00e1rio informar o n\u00famero do pedido e o motivo da troca ou devolu\u00e7\u00e3o. Eventualmente mais informa\u00e7\u00f5es e fotos poder\u00e3o ser solicitadas.<br>A troca ser\u00e1 realizada somente uma vez, e por produtos que possuem no nosso estoque.<\/h2>\n\n\n<style>.wp-block-kadence-advancedheading.kt-adv-heading_793b1a-a1, .wp-block-kadence-advancedheading.kt-adv-heading_793b1a-a1[data-kb-block=\"kb-adv-heading_793b1a-a1\"]{font-size:17px;font-style:normal;font-family:Arial, Helvetica, sans-serif;color:#848383;}.wp-block-kadence-advancedheading.kt-adv-heading_793b1a-a1 mark, .wp-block-kadence-advancedheading.kt-adv-heading_793b1a-a1[data-kb-block=\"kb-adv-heading_793b1a-a1\"] mark{font-style:normal;color:#f76a0c;padding-top:0px;padding-right:0px;padding-bottom:0px;padding-left:0px;}<\/style>\n<h2 class=\"kt-adv-heading_793b1a-a1 wp-block-kadence-advancedheading\" data-kb-block=\"kb-adv-heading_793b1a-a1\">Refor\u00e7amos que apenas produtos Lacrados e ou sem ind\u00edcios de uso ser\u00e3o trocados.<\/h2>\n<\/div><\/div>\n<\/div><\/div><\/div>\n<span class=\"kt-load-after-post\"><\/span>","protected":false},"excerpt":{"rendered":"<p>D\u00favidas frequentes QUAL A PROCED\u00caNCIA DOS PRODUTOS? A Emp\u00f3rio dos Perfumes oferece uma variedade de perfumes das melhores e mais desejadas marcas do mundo. Todos os produtos comercializados em nosso site, ou loja on-line s\u00e3o garantidos oficialmente pelas empresas distribuidoras das marcas no Brasil. Al\u00e9m disso, apresentam o selo de garantia do distribuidor, o que&#8230;<\/p>\n","protected":false},"author":1,"featured_media":0,"parent":0,"menu_order":0,"comment_status":"closed","ping_status":"closed","template":"","meta":{"_kad_post_transparent":"","_kad_post_title":"hide","_kad_post_layout":"fullwidth","_kad_post_sidebar_id":"","_kad_post_content_style":"unboxed","_kad_post_vertical_padding":"hide","_kad_post_feature":"","_kad_post_feature_position":"","_kad_post_header":false,"_kad_post_footer":false,"_joinchat":[],"footnotes":""},"class_list":["post-1693","page","type-page","status-publish","hentry"],"_links":{"self":[{"href":"https:\/\/acompanheseuprojeto.com.br\/emporiodosperfumes\/wp-json\/wp\/v2\/pages\/1693","targetHints":{"allow":["GET"]}}],"collection":[{"href":"https:\/\/acompanheseuprojeto.com.br\/emporiodosperfumes\/wp-json\/wp\/v2\/pages"}],"about":[{"href":"https:\/\/acompanheseuprojeto.com.br\/emporiodosperfumes\/wp-json\/wp\/v2\/types\/page"}],"author":[{"embeddable":true,"href":"https:\/\/acompanheseuprojeto.com.br\/emporiodosperfumes\/wp-json\/wp\/v2\/users\/1"}],"replies":[{"embeddable":true,"href":"https:\/\/acompanheseuprojeto.com.br\/emporiodosperfumes\/wp-json\/wp\/v2\/comments?post=1693"}],"version-history":[{"count":11,"href":"https:\/\/acompanheseuprojeto.com.br\/emporiodosperfumes\/wp-json\/wp\/v2\/pages\/1693\/revisions"}],"predecessor-version":[{"id":1704,"href":"https:\/\/acompanheseuprojeto.com.br\/emporiodosperfumes\/wp-json\/wp\/v2\/pages\/1693\/revisions\/1704"}],"wp:attachment":[{"href":"https:\/\/acompanheseuprojeto.com.br\/emporiodosperfumes\/wp-json\/wp\/v2\/media?parent=1693"}],"curies":[{"name":"wp","href":"https:\/\/api.w.org\/{rel}","templated":true}]}}