{"id":1418,"date":"2022-06-01T23:26:00","date_gmt":"2022-06-01T23:26:00","guid":{"rendered":"https:\/\/acompanheseuprojeto.com.br\/emporiodosperfumes\/?post_type=product&#038;p=1418"},"modified":"2022-06-01T23:26:47","modified_gmt":"2022-06-01T23:26:47","slug":"linterdit-eau-de-parfum-rouge","status":"publish","type":"product","link":"https:\/\/acompanheseuprojeto.com.br\/emporiodosperfumes\/produto\/linterdit-eau-de-parfum-rouge\/","title":{"rendered":"L&#8217;Interdit Eau de Parfum Rouge"},"content":{"rendered":"<p><strong>Sobre a fragr\u00e2ncia<\/strong><br \/>\nL&#8217;Interdit Eau de Parfum Rouge \u00e9 uma fragr\u00e2ncia sensual que revela um buqu\u00ea floral branco tingido de vermelho profundo. Flor de laranjeira luminosa e jasmim s\u00e3o inflamadas com um acorde vermelho picante de laranja e gengibre. O s\u00e2ndalo suave deixa um rastro de possibilidades tentadoras. L&#8217;Interdit Eau de Parfum Rouge abra\u00e7a ingredientes naturais criados com t\u00e9cnicas tradicionais para reinventar ousadamente a ic\u00f4nica Underground Flower.<br \/>\nComo uma homenagem ao ic\u00f4nico vermelho Givenchy, o frasco de perfume feminino \u00e9 adornado com um verniz transl\u00facido que incendeia o interior.<br \/>\nL&#8217;Interdit, um tributo \u00e0 feminilidade ousada. Um convite para desafiar seus limites e explorar a emo\u00e7\u00e3o do proibido.<\/p>\n<div style=\"width: 1200px;\" class=\"wp-video\"><video class=\"wp-video-shortcode\" id=\"video-1418-1\" width=\"1200\" height=\"675\" preload=\"metadata\" controls=\"controls\"><source type=\"video\/mp4\" src=\"https:\/\/acompanheseuprojeto.com.br\/emporiodosperfumes\/wp-content\/uploads\/2022\/06\/720.mp4?_=1\" \/><a href=\"https:\/\/acompanheseuprojeto.com.br\/emporiodosperfumes\/wp-content\/uploads\/2022\/06\/720.mp4\">https:\/\/acompanheseuprojeto.com.br\/emporiodosperfumes\/wp-content\/uploads\/2022\/06\/720.mp4<\/a><\/video><\/div>\n<span class=\"kt-load-after-post\"><\/span>","protected":false},"excerpt":{"rendered":"<p>Sobre a fragr\u00e2ncia L&#8217;Interdit Eau de Parfum Rouge \u00e9 uma fragr\u00e2ncia sensual que revela um buqu\u00ea floral branco tingido de vermelho profundo. Flor de laranjeira luminosa e jasmim s\u00e3o inflamadas com um acorde vermelho picante de laranja e gengibre. O s\u00e2ndalo suave deixa um rastro de possibilidades tentadoras. L&#8217;Interdit Eau de Parfum Rouge abra\u00e7a ingredientes&#8230;<\/p>\n","protected":false},"featured_media":1420,"comment_status":"open","ping_status":"closed","template":"","meta":{"_kad_post_transparent":"default","_kad_post_title":"","_kad_post_layout":"default","_kad_post_sidebar_id":"","_kad_post_content_style":"default","_kad_post_vertical_padding":"default","_kad_post_feature":"","_kad_post_feature_position":"","_kad_post_header":false,"_kad_post_footer":false,"_joinchat":[]},"product_cat":[26,25],"product_tag":[],"class_list":["post-1418","product","type-product","status-publish","has-post-thumbnail","hentry","product_cat-feminino","product_cat-perfumes","entry","content-bg","loop-entry"],"_links":{"self":[{"href":"https:\/\/acompanheseuprojeto.com.br\/emporiodosperfumes\/wp-json\/wp\/v2\/product\/1418","targetHints":{"allow":["GET"]}}],"collection":[{"href":"https:\/\/acompanheseuprojeto.com.br\/emporiodosperfumes\/wp-json\/wp\/v2\/product"}],"about":[{"href":"https:\/\/acompanheseuprojeto.com.br\/emporiodosperfumes\/wp-json\/wp\/v2\/types\/product"}],"replies":[{"embeddable":true,"href":"https:\/\/acompanheseuprojeto.com.br\/emporiodosperfumes\/wp-json\/wp\/v2\/comments?post=1418"}],"wp:featuredmedia":[{"embeddable":true,"href":"https:\/\/acompanheseuprojeto.com.br\/emporiodosperfumes\/wp-json\/wp\/v2\/media\/1420"}],"wp:attachment":[{"href":"https:\/\/acompanheseuprojeto.com.br\/emporiodosperfumes\/wp-json\/wp\/v2\/media?parent=1418"}],"wp:term":[{"taxonomy":"product_cat","embeddable":true,"href":"https:\/\/acompanheseuprojeto.com.br\/emporiodosperfumes\/wp-json\/wp\/v2\/product_cat?post=1418"},{"taxonomy":"product_tag","embeddable":true,"href":"https:\/\/acompanheseuprojeto.com.br\/emporiodosperfumes\/wp-json\/wp\/v2\/product_tag?post=1418"}],"curies":[{"name":"wp","href":"https:\/\/api.w.org\/{rel}","templated":true}]}}