{"id":740,"date":"2026-03-31T21:41:29","date_gmt":"2026-04-01T01:41:29","guid":{"rendered":"https:\/\/acompanheseuprojeto.com.br\/oxinitro\/?page_id=740"},"modified":"2026-03-31T23:57:31","modified_gmt":"2026-04-01T03:57:31","slug":"quem-somos","status":"publish","type":"page","link":"https:\/\/acompanheseuprojeto.com.br\/oxinitro\/quem-somos\/","title":{"rendered":"Quem somos"},"content":{"rendered":"\t\t<div data-elementor-type=\"wp-page\" data-elementor-id=\"740\" class=\"elementor elementor-740\" data-elementor-post-type=\"page\">\n\t\t\t\t<div class=\"elementor-element elementor-element-0794b51 e-con-full e-flex e-con e-parent\" data-id=\"0794b51\" data-element_type=\"container\" data-e-type=\"container\">\n\t\t\t\t<div class=\"elementor-element elementor-element-cf72625 elementor-widget elementor-widget-html\" data-id=\"cf72625\" data-element_type=\"widget\" data-e-type=\"widget\" data-widget_type=\"html.default\">\n\t\t\t\t<div class=\"elementor-widget-container\">\n\t\t\t\t\t<section class=\"oxi-sobre-hero-clean\">\r\n  <div class=\"oxi-sobre-hero-clean-container\">\r\n    <div class=\"oxi-sobre-hero-clean-content\">\r\n      <span class=\"oxi-sobre-hero-clean-tag\">SOBRE A OXINITRO<\/span>\r\n\r\n      <h1 class=\"oxi-sobre-hero-clean-title\">\r\n        Conhe\u00e7a a Oxinitro\r\n      <\/h1>\r\n\r\n\r\n\r\n      <p class=\"oxi-sobre-hero-clean-quote\">\r\n        Precis\u00e3o em cada mol\u00e9cula, seguran\u00e7a em cada cilindro.\r\n      <\/p>\r\n    <\/div>\r\n  <\/div>\r\n<\/section>\t\t\t\t<\/div>\n\t\t\t\t<\/div>\n\t\t\t\t<\/div>\n\t\t<div class=\"elementor-element elementor-element-78842cb e-con-full elementor-hidden-desktop elementor-hidden-tablet elementor-hidden-mobile e-flex e-con e-parent\" data-id=\"78842cb\" data-element_type=\"container\" data-e-type=\"container\">\n\t\t\t\t<div class=\"elementor-element elementor-element-9b3b130 elementor-widget elementor-widget-html\" data-id=\"9b3b130\" data-element_type=\"widget\" data-e-type=\"widget\" data-widget_type=\"html.default\">\n\t\t\t\t<div class=\"elementor-widget-container\">\n\t\t\t\t\t<section class=\"oxi-sobre-intro\">\r\n  <div class=\"oxi-sobre-intro-container\">\r\n    <div class=\"oxi-sobre-intro-grid\">\r\n      <div class=\"oxi-sobre-intro-content\">\r\n        <span class=\"oxi-sobre-intro-tag\">QUEM SOMOS<\/span>\r\n        <h2 class=\"oxi-sobre-intro-title\">\r\n          Excel\u00eancia, seguran\u00e7a e confian\u00e7a no fornecimento de gases\r\n        <\/h2>\r\n        <p>\r\n          A Oxinitro Gases Industriais Ltda. \u00e9 uma empresa comprometida com a excel\u00eancia t\u00e9cnica,\r\n          a seguran\u00e7a operacional e a confiabilidade no fornecimento de gases atmosf\u00e9ricos.\r\n        <\/p>\r\n        <p>\r\n          Estruturada para atender com alto padr\u00e3o de qualidade, a empresa atua com foco na integridade\r\n          dos processos, na pureza dos produtos e na responsabilidade ambiental, sempre buscando oferecer\r\n          solu\u00e7\u00f5es eficientes e seguras aos seus clientes.\r\n        <\/p>\r\n      <\/div>\r\n\r\n      <div class=\"oxi-sobre-intro-box\">\r\n        <div class=\"oxi-sobre-intro-item\">\r\n          <strong>Excel\u00eancia t\u00e9cnica<\/strong>\r\n          <span>Processos estruturados com rigor e qualidade.<\/span>\r\n        <\/div>\r\n        <div class=\"oxi-sobre-intro-item\">\r\n          <strong>Seguran\u00e7a operacional<\/strong>\r\n          <span>Compromisso com a integridade em cada etapa.<\/span>\r\n        <\/div>\r\n        <div class=\"oxi-sobre-intro-item\">\r\n          <strong>Responsabilidade ambiental<\/strong>\r\n          <span>Atua\u00e7\u00e3o orientada por melhoria cont\u00ednua e sustentabilidade.<\/span>\r\n        <\/div>\r\n      <\/div>\r\n    <\/div>\r\n  <\/div>\r\n<\/section>\t\t\t\t<\/div>\n\t\t\t\t<\/div>\n\t\t\t\t<\/div>\n\t\t<div class=\"elementor-element elementor-element-5083e4d e-con-full e-flex e-con e-parent\" data-id=\"5083e4d\" data-element_type=\"container\" data-e-type=\"container\">\n\t\t\t\t<div class=\"elementor-element elementor-element-272d95b elementor-widget elementor-widget-html\" data-id=\"272d95b\" data-element_type=\"widget\" data-e-type=\"widget\" data-widget_type=\"html.default\">\n\t\t\t\t<div class=\"elementor-widget-container\">\n\t\t\t\t\t<section class=\"oxi-sobre-historia\">\r\n  <div class=\"oxi-sobre-historia-container\">\r\n    <span class=\"oxi-sobre-historia-tag\">NOSSA HIST\u00d3RIA<\/span>\r\n    <h2 class=\"oxi-sobre-historia-title\">Uma empresa criada para elevar o padr\u00e3o de qualidade no setor<\/h2>\r\n\r\n    <div class=\"oxi-sobre-historia-texto\">\r\n      <p>\r\n        A Oxinitro Gases Industriais Ltda. nasceu da necessidade crescente por solu\u00e7\u00f5es confi\u00e1veis,\r\n        seguras e tecnicamente avan\u00e7adas no fornecimento de gases atmosf\u00e9ricos no Brasil.\r\n      <\/p>\r\n\r\n      <p>\r\n        Fundada com o prop\u00f3sito de elevar o padr\u00e3o de qualidade no setor, a empresa foi estruturada\r\n        para atender com excel\u00eancia \u00e0s demandas de diversos segmentos, com base em processos rigorosos,\r\n        seguran\u00e7a operacional e melhoria cont\u00ednua.\r\n      <\/p>\r\n\r\n      <p>\r\n        Desde sua concep\u00e7\u00e3o, a Oxinitro foi desenvolvida com foco no controle preciso de processos\r\n        e produtos, alinhando-se \u00e0s melhores pr\u00e1ticas e normas t\u00e9cnicas do mercado.\r\n      <\/p>\r\n\r\n      <p>\r\n        Com uma gest\u00e3o moderna e orientada para resultados, a empresa investe continuamente em tecnologia,\r\n        capacita\u00e7\u00e3o profissional e aprimoramento operacional, consolidando-se como uma organiza\u00e7\u00e3o preparada\r\n        para crescer de forma sustent\u00e1vel, segura e respons\u00e1vel.\r\n      <\/p>\r\n\r\n      <p>\r\n        A Oxinitro surge com o compromisso de ser refer\u00eancia nacional em gases atmosf\u00e9ricos, unindo inova\u00e7\u00e3o,\r\n        confiabilidade e excel\u00eancia operacional.\r\n      <\/p>\r\n    <\/div>\r\n  <\/div>\r\n<\/section>\t\t\t\t<\/div>\n\t\t\t\t<\/div>\n\t\t\t\t<\/div>\n\t\t<div class=\"elementor-element elementor-element-9426df3 e-con-full e-flex e-con e-parent\" data-id=\"9426df3\" data-element_type=\"container\" data-e-type=\"container\">\n\t\t\t\t<div class=\"elementor-element elementor-element-f94efcf elementor-widget elementor-widget-html\" data-id=\"f94efcf\" data-element_type=\"widget\" data-e-type=\"widget\" data-widget_type=\"html.default\">\n\t\t\t\t<div class=\"elementor-widget-container\">\n\t\t\t\t\t<section class=\"oxi-sobre-politica\">\r\n  <div class=\"oxi-sobre-politica-container\">\r\n    <span class=\"oxi-sobre-politica-tag\">POL\u00cdTICA<\/span>\r\n    <h2 class=\"oxi-sobre-politica-title\">Nosso compromisso com excel\u00eancia, seguran\u00e7a e melhoria cont\u00ednua<\/h2>\r\n\r\n    <div class=\"oxi-sobre-politica-box\">\r\n      <p>\r\n        A Oxinitro compromete-se a fornecer solu\u00e7\u00f5es em gases que superem as expectativas de seus clientes\r\n        por meio da excel\u00eancia t\u00e9cnica e da seguran\u00e7a absoluta.\r\n      <\/p>\r\n\r\n      <p>\r\n        Sua gest\u00e3o \u00e9 baseada na conformidade com as normas ISO 9001 e 14001, garantindo a pureza dos produtos,\r\n        a integridade de seus colaboradores e a preserva\u00e7\u00e3o do meio ambiente, por meio da melhoria cont\u00ednua\r\n        de seus processos criog\u00eanicos e log\u00edsticos.\r\n      <\/p>\r\n    <\/div>\r\n  <\/div>\r\n<\/section>\t\t\t\t<\/div>\n\t\t\t\t<\/div>\n\t\t\t\t<\/div>\n\t\t<div class=\"elementor-element elementor-element-d666cc9 e-con-full e-flex e-con e-parent\" data-id=\"d666cc9\" data-element_type=\"container\" data-e-type=\"container\">\n\t\t\t\t<div class=\"elementor-element elementor-element-22b34f1 elementor-widget elementor-widget-html\" data-id=\"22b34f1\" data-element_type=\"widget\" data-e-type=\"widget\" data-widget_type=\"html.default\">\n\t\t\t\t<div class=\"elementor-widget-container\">\n\t\t\t\t\t<section class=\"oxi-sobre-missao-visao\">\r\n  <div class=\"oxi-sobre-missao-visao-container\">\r\n    <div class=\"oxi-sobre-missao-visao-grid\">\r\n      <div class=\"oxi-sobre-mv-card\">\r\n        <span class=\"oxi-sobre-mv-tag\">MISS\u00c3O<\/span>\r\n        <h3>Fornecer solu\u00e7\u00f5es com alto padr\u00e3o de pureza e seguran\u00e7a<\/h3>\r\n        <p>\r\n          Fornecer solu\u00e7\u00f5es em gases atmosf\u00e9ricos com o mais alto padr\u00e3o de pureza e seguran\u00e7a,\r\n          garantindo o abastecimento cont\u00ednuo e confi\u00e1vel aos nossos clientes, impulsionando processos\r\n          produtivos e contribuindo para a preserva\u00e7\u00e3o da vida.\r\n        <\/p>\r\n      <\/div>\r\n\r\n      <div class=\"oxi-sobre-mv-card\">\r\n        <span class=\"oxi-sobre-mv-tag\">VIS\u00c3O<\/span>\r\n        <h3>Ser refer\u00eancia nacional em confiabilidade e inova\u00e7\u00e3o<\/h3>\r\n        <p>\r\n          Ser a refer\u00eancia nacional em confiabilidade e inova\u00e7\u00e3o no fornecimento de gases, sendo reconhecida\r\n          pela excel\u00eancia em conformidade normativa e pela tecnologia aplicada aos processos de separa\u00e7\u00e3o de gases do ar.\r\n        <\/p>\r\n      <\/div>\r\n    <\/div>\r\n  <\/div>\r\n<\/section>\t\t\t\t<\/div>\n\t\t\t\t<\/div>\n\t\t\t\t<\/div>\n\t\t<div class=\"elementor-element elementor-element-08f0d8d e-con-full e-flex e-con e-parent\" data-id=\"08f0d8d\" data-element_type=\"container\" data-e-type=\"container\">\n\t\t\t\t<div class=\"elementor-element elementor-element-48f3267 elementor-widget elementor-widget-html\" data-id=\"48f3267\" data-element_type=\"widget\" data-e-type=\"widget\" data-widget_type=\"html.default\">\n\t\t\t\t<div class=\"elementor-widget-container\">\n\t\t\t\t\t<section class=\"oxi-sobre-valores\">\r\n  <div class=\"oxi-sobre-valores-container\">\r\n    <span class=\"oxi-sobre-valores-tag\">VALORES<\/span>\r\n    <h2 class=\"oxi-sobre-valores-title\">Princ\u00edpios que orientam cada decis\u00e3o da Oxinitro<\/h2>\r\n\r\n    <div class=\"oxi-sobre-valores-grid\">\r\n      <div class=\"oxi-sobre-valor-card\">\r\n        <h3>Seguran\u00e7a Inegoci\u00e1vel<\/h3>\r\n        <p>Priorizar a integridade f\u00edsica de colaboradores e clientes em todas as etapas de capta\u00e7\u00e3o e envase de gases.<\/p>\r\n      <\/div>\r\n\r\n      <div class=\"oxi-sobre-valor-card\">\r\n        <h3>Qualidade Absoluta<\/h3>\r\n        <p>Garantir a pureza exata dos gases, atendendo rigorosamente \u00e0s especifica\u00e7\u00f5es de cada aplica\u00e7\u00e3o.<\/p>\r\n      <\/div>\r\n\r\n      <div class=\"oxi-sobre-valor-card\">\r\n        <h3>Responsabilidade Ambiental<\/h3>\r\n        <p>Otimizar o uso de energia e recursos nos processos, minimizando o impacto ambiental.<\/p>\r\n      <\/div>\r\n\r\n      <div class=\"oxi-sobre-valor-card\">\r\n        <h3>Parceria de Longo Prazo<\/h3>\r\n        <p>Construir rela\u00e7\u00f5es baseadas em transpar\u00eancia, pontualidade e suporte cont\u00ednuo ao cliente.<\/p>\r\n      <\/div>\r\n    <\/div>\r\n  <\/div>\r\n<\/section>\t\t\t\t<\/div>\n\t\t\t\t<\/div>\n\t\t\t\t<\/div>\n\t\t<div class=\"elementor-element elementor-element-c49ac14 e-con-full elementor-hidden-desktop elementor-hidden-tablet elementor-hidden-mobile e-flex e-con e-parent\" data-id=\"c49ac14\" data-element_type=\"container\" data-e-type=\"container\">\n\t\t\t\t<div class=\"elementor-element elementor-element-88bb01a elementor-widget elementor-widget-html\" data-id=\"88bb01a\" data-element_type=\"widget\" data-e-type=\"widget\" data-widget_type=\"html.default\">\n\t\t\t\t<div class=\"elementor-widget-container\">\n\t\t\t\t\t<section class=\"oxi-sobre-compromissos\">\r\n  <div class=\"oxi-sobre-compromissos-container\">\r\n    <span class=\"oxi-sobre-compromissos-tag\">NOSSOS COMPROMISSOS<\/span>\r\n    <h2 class=\"oxi-sobre-compromissos-title\">Compromisso que vai al\u00e9m do fornecimento<\/h2>\r\n    <p class=\"oxi-sobre-compromissos-desc\">\r\n      Na Oxinitro, qualidade, seguran\u00e7a e responsabilidade ambiental n\u00e3o s\u00e3o apenas diretrizes:\r\n      s\u00e3o fundamentos que orientam cada etapa do trabalho.\r\n    <\/p>\r\n\r\n    <div class=\"oxi-sobre-compromissos-lista\">\r\n      <div class=\"oxi-sobre-compromisso-item\">Excel\u00eancia t\u00e9cnica em processos e fornecimento<\/div>\r\n      <div class=\"oxi-sobre-compromisso-item\">Seguran\u00e7a operacional em cada etapa<\/div>\r\n      <div class=\"oxi-sobre-compromisso-item\">Controle rigoroso de qualidade e pureza<\/div>\r\n      <div class=\"oxi-sobre-compromisso-item\">Compromisso com normas e boas pr\u00e1ticas<\/div>\r\n      <div class=\"oxi-sobre-compromisso-item\">Investimento cont\u00ednuo em tecnologia e capacita\u00e7\u00e3o<\/div>\r\n      <div class=\"oxi-sobre-compromisso-item\">Crescimento sustent\u00e1vel e respons\u00e1vel<\/div>\r\n    <\/div>\r\n  <\/div>\r\n<\/section>\t\t\t\t<\/div>\n\t\t\t\t<\/div>\n\t\t\t\t<\/div>\n\t\t<div class=\"elementor-element elementor-element-a0d3b34 e-con-full e-flex e-con e-parent\" data-id=\"a0d3b34\" data-element_type=\"container\" data-e-type=\"container\">\n\t\t\t\t<div class=\"elementor-element elementor-element-dcafd92 elementor-widget elementor-widget-html\" data-id=\"dcafd92\" data-element_type=\"widget\" data-e-type=\"widget\" data-widget_type=\"html.default\">\n\t\t\t\t<div class=\"elementor-widget-container\">\n\t\t\t\t\t<section class=\"oxi-sobre-cta\">\r\n  <div class=\"oxi-sobre-cta-container\">\r\n    <span class=\"oxi-sobre-cta-tag\">FALE COM A OXINITRO<\/span>\r\n    <h2 class=\"oxi-sobre-cta-title\">Conhe\u00e7a mais sobre nossa atua\u00e7\u00e3o e fale com nossa equipe<\/h2>\r\n    <p class=\"oxi-sobre-cta-desc\">\r\n      Entre em contato para informa\u00e7\u00f5es.\r\n    <\/p>\r\n\r\n    <div class=\"oxi-sobre-cta-actions\">\r\n      <a class=\"oxi-sobre-cta-btn oxi-sobre-cta-btn--primary\" href=\"https:\/\/wa.me\/5565998507830?text=Ol\u00e1%2C%20gostaria%20de%20mais%20informa\u00e7\u00f5es%20sobre%20a%20Oxinitro.\" target=\"_blank\" rel=\"noopener noreferrer\">\r\n        Falar no WhatsApp\r\n      <\/a>\r\n    <\/div>\r\n  <\/div>\r\n<\/section>\t\t\t\t<\/div>\n\t\t\t\t<\/div>\n\t\t\t\t<\/div>\n\t\t\t\t<\/div>\n\t\t","protected":false},"excerpt":{"rendered":"<p>SOBRE A OXINITRO Conhe\u00e7a a Oxinitro Precis\u00e3o em cada mol\u00e9cula, seguran\u00e7a em cada cilindro. QUEM SOMOS Excel\u00eancia, seguran\u00e7a e confian\u00e7a no fornecimento de gases A Oxinitro Gases Industriais Ltda. \u00e9 uma empresa comprometida com a excel\u00eancia t\u00e9cnica, a seguran\u00e7a operacional e a confiabilidade no fornecimento de gases atmosf\u00e9ricos. Estruturada para atender com alto padr\u00e3o de [&hellip;]<\/p>\n","protected":false},"author":1,"featured_media":0,"parent":0,"menu_order":0,"comment_status":"closed","ping_status":"closed","template":"","meta":{"footnotes":""},"class_list":["post-740","page","type-page","status-publish","hentry"],"_links":{"self":[{"href":"https:\/\/acompanheseuprojeto.com.br\/oxinitro\/wp-json\/wp\/v2\/pages\/740","targetHints":{"allow":["GET"]}}],"collection":[{"href":"https:\/\/acompanheseuprojeto.com.br\/oxinitro\/wp-json\/wp\/v2\/pages"}],"about":[{"href":"https:\/\/acompanheseuprojeto.com.br\/oxinitro\/wp-json\/wp\/v2\/types\/page"}],"author":[{"embeddable":true,"href":"https:\/\/acompanheseuprojeto.com.br\/oxinitro\/wp-json\/wp\/v2\/users\/1"}],"replies":[{"embeddable":true,"href":"https:\/\/acompanheseuprojeto.com.br\/oxinitro\/wp-json\/wp\/v2\/comments?post=740"}],"version-history":[{"count":13,"href":"https:\/\/acompanheseuprojeto.com.br\/oxinitro\/wp-json\/wp\/v2\/pages\/740\/revisions"}],"predecessor-version":[{"id":770,"href":"https:\/\/acompanheseuprojeto.com.br\/oxinitro\/wp-json\/wp\/v2\/pages\/740\/revisions\/770"}],"wp:attachment":[{"href":"https:\/\/acompanheseuprojeto.com.br\/oxinitro\/wp-json\/wp\/v2\/media?parent=740"}],"curies":[{"name":"wp","href":"https:\/\/api.w.org\/{rel}","templated":true}]}}